late the highest common divisor of 7 and i.
7
Suppose -2789 = -19*v + 2297 + 405. What is the highest common factor of 51 and v?
17
Suppose -t - 5 = -2*b, -5*b = -t - 13 + 2. Suppose -4*d - b*j = -582, d - j - 181 + 31 = 0. What is the greatest common factor of 392 and d?
49
Suppose 19*n - 20*n + 3*s = -37, n - 5*s - 35 = 0. What is the greatest common factor of n and 5240?
40
Suppose -2*a = 2*s - 1595 - 8903, 5*s + 5255 = a. What is the greatest common factor of 280 and a?
70
Let f be (-109 + (22 - 9))*-54. Calculate the highest common factor of 72 and f.
72
Let o(x) = -x**3 + x**2 + 8*x - 4. Let i be o(-3). Suppose -i*t + 9*t = 74. Let l be (-3 + 4)*t + -1 + -1. What is the highest common divisor of 18 and l?
18
Suppose s = 6*s - 870. Suppose 2*d - s = 316. What is the highest common divisor of d and 35?
35
Suppose 25*i - 2728 = -6*i. Calculate the greatest common factor of i and 2816.
88
Let d = -44 + -112. Let v be (d/21)/(16/(-56) - 0). What is the greatest common divisor of v and 364?
26
Let a be (2/(-11))/(34/(-8789)). Calculate the greatest common factor of 2162 and a.
47
Let x(s) = -5*s**2 + 36*s - 9. Let m be x(6). Suppose m*b - 28*b + 992 = 0. What is the greatest common divisor of b and 62?
62
Let h be -20 + 26 + (0 - 3). Suppose -2*y - 2*g + 106 = -4*g, y - 61 = -3*g. Let r = y - 31. What is the highest common divisor of h and r?
3
Let t be (4 - 4) + 1465 + 4/(2/(-1)). Calculate the greatest common divisor of 665 and t.
133
Let s be 0*6/(-4)*6/18. Suppose -3*j + 3*x = -3, s = -2*j + x - 2*x - 7. Let r be ((0 + 2)/j)/((-6)/18). Calculate the highest common factor of r and 1.
1
Let z(f) = -31*f**2 - 10*f - 8. Let x be z(-12). Let t be 2/(-3) - x/48. Calculate the greatest common divisor of t and 54.
18
Let a be (-19)/(-7) - (-100)/350. Suppose 5*j = 4*y + 176, 0 = 3*j - 8*j + a*y + 172. Calculate the highest common divisor of j and 24.
8
Let p(l) = 554*l - 2734. Let k be p(7). What is the highest common divisor of k and 528?
88
Let k = -1864 + 938. Let o = k + 998. What is the greatest common factor of o and 468?
36
Let f(m) = -m**3 - 5*m**2 - 11*m - 14. Let h be f(-4). Suppose -8*c = -7*c - h. What is the greatest common divisor of c and 6?
2
Suppose -138*a + 9610 + 26408 = 0. What is the highest common factor of 1827 and a?
261
Let s(n) = 9*n**3 + 37*n**2 - 62*n + 16. Let r be s(-5). Let p = 10 - 14. Let j be 1/p - (-146)/8. Calculate the highest common divisor of j and r.
18
Suppose 8*k = -6*k + 28. Let o be (-177*-2*k)/((-10)/(-15)). What is the highest common divisor of o and 18?
18
Let h be (4 - 6)/((7 + -2)/(-140)). Let b(n) = 2*n**2 - 9*n + 13. Let d be b(7). Calculate the greatest common divisor of d and h.
8
Let n(u) = 18*u**2 - 2*u - 3. Let j be n(-1). Suppose -4*k = -49 + j. Suppose -8*f - f + 216 = 0. What is the highest common divisor of f and k?
8
Let y(h) = 4*h**2 + 2*h - 58. Let g be y(6). Let o = 131 - g. Let p(w) = -w**2 + 9*w + 2. Let u be p(5). What is the greatest common divisor of u and o?
11
Let r = -235 - -205. Let t be (66/(-4))/((-3)/r*-5). What is the greatest common divisor of t and 11?
11
Suppose 60*t = h + 64*t - 336, 3*h - 966 = 2*t. Calculate the highest common factor of 72 and h.
36
Let y = -1415 - -1520. Let b(z) = -3*z**3 - 2*z**2 - 2*z + 1. Let v be b(-3). Calculate the greatest common factor of v and y.
35
Let m = 19654 + -19554. Calculate the highest common factor of 3950 and m.
50
Let t(c) = -11*c - 1. Let z be t(-6). Suppose 22*u = -35*u + 9303 - 572 + 32024. Calculate the greatest common divisor of z and u.
65
Suppose 0 = -4*i - 6*i - 80. Let g = 62 + i. Let n be 806/10 - 2/(-5). Calculate the highest common divisor of g and n.
27
Let h = 278 + -268. Suppose -2*r - h = 0, -p - 671 = -3*p - r. Calculate the highest common divisor of 13 and p.
13
Let l(p) = 2*p**3 - 112*p**2 - p + 164. Let h be l(56). Calculate the greatest common factor of h and 1161.
27
Let v be ((-77)/(-22) - 3)*18. Suppose -2270 = -5*g + 730. Suppose -g = s - v*s. What is the greatest common factor of 30 and s?
15
Suppose 5*h = -c + 1119, -3*c + 18*h - 15*h + 3375 = 0. What is the highest common factor of 16 and c?
4
Let a(v) = 30*v**2 + v - 1. Let q be a(1). Let p = -192 - -232. Let g = p - -5. What is the highest common divisor of g and q?
15
Suppose 3*h + 6 = 0, 4*x - 286 + 3674 = -4*h. Let j be 1/((-4220)/x - 5). Let f be 1*-7*1*j/13. Calculate the highest common divisor of 13 and f.
13
Let w(s) = -s**2 - 2*s + 440. Let c be w(18). Calculate the greatest common factor of c and 864.
16
Suppose 1680 = 4*i - v + 5*v, -3*i + 3*v + 1278 = 0. Suppose -q + i = 420. Calculate the highest common divisor of 2 and q.
1
Let c be 16/8 - 1 - (-33 - (-3 + 2)). What is the greatest common factor of 649 and c?
11
Let w = 200 + -80. Let j be (-3)/(-8)*w/36*16. Calculate the greatest common divisor of j and 260.
20
Let i = 651 + -451. Suppose 0 = 104*p - 100*p - 38 - 62. Calculate the highest common divisor of i and p.
25
Suppose -4*t + 228 = 104 - 212. Let f be -21*(-3)/(3/10). Calculate the highest common divisor of f and t.
42
Suppose 3*a - 130 = -34. Suppose 3*s - 76 = -5*b - 11, 2*s = -2*b + 30. Suppose -3 = -b*o + 77. What is the greatest common divisor of o and a?
8
Let i = -158304 + 158391. Let f be -1 + (2 - 3) + 60. What is the highest common factor of i and f?
29
Let x(z) = -z**3 - 2*z**2 - 94*z - 44. Let n be x(-18). What is the greatest common factor of 61 and n?
61
Let d be ((-69)/(-6))/((-4179)/210 + 20). What is the highest common divisor of d and 14375?
115
Let s = -571 - -575. Suppose -7*b = -31 - 109. Calculate the highest common factor of b and s.
4
Let a(d) = d**3 + 10*d**2 - 8*d + 12. Let l be a(-11). Let w = l + 24. Let c be 1 + -5 + 39/w. What is the greatest common factor of 99 and c?
9
Let z(l) = -l**3 - 33*l**2 + 43*l + 117. Let k be z(-35). Calculate the greatest common factor of 36 and k.
18
Let f(y) = y**3 + 11*y**2 + 24*y - 6. Let v be f(-8). Let g(w) = 8*w**2 + 21*w + 114. Let l be g(v). What is the highest common factor of 24 and l?
12
Suppose -90 = -3*g - 6*g. Let f(k) = k**2 - 11*k + 13. Let x be f(g). Let s = 17 - 8. Calculate the highest common factor of x and s.
3
Suppose 5*h = -4*o + 95, 4*h - 22 - 54 = -o. Let b = -4 + h. Suppose 2*x + 0*x + 2*i = 20, 0 = 4*i - 20. What is the greatest common divisor of x and b?
5
Let b(y) = 3*y**3 + 135*y**2 + 73*y + 45. Let m be b(-44). Calculate the greatest common divisor of m and 417.
139
Suppose 5*g - 103 = -4*p, -26*p + 107 = -22*p + g. Suppose -7 + 88 = 3*v. What is the highest common divisor of v and p?
27
Suppose -4536*s + 4432*s = -2288. Suppose 35 + 37 = 4*z. Calculate the greatest common divisor of s and z.
2
Let d be (-2)/9*6*(376 - 27823). What is the greatest common divisor of 28 and d?
28
Suppose 20 = -4*q, -y - q - 19 = 3*q. Let d be ((-4)/(-6))/(y/21). Let n be ((-2)/(-6))/((20/(-4))/(-105)). Calculate the greatest common factor of n and d.
7
Let o = 26682 - 26675. Calculate the highest common divisor of 17311 and o.
7
Let v be ((-640)/70)/((-14)/833). Calculate the highest common divisor of v and 1156.
68
Let x = 4 + -24. Let c be x/(-3) - 16/(-12). Let k(w) = -w**3 - 17*w**2 + 16*w - 16. Let m be k(-18). What is the greatest common divisor of c and m?
4
Let i(t) = t**3 + 8*t**2 - 11*t - 85. Let a be i(-8). Suppose b = -4*d, -3*d + 3 = 6. Suppose -3 = 3*w - b*w. What is the greatest common divisor of w and a?
3
Suppose 5*s = 3*g - 225, 5*g + 3*s + 0*s - 375 = 0. Let c be (-12)/228 + 11/(-627)*-174. Calculate the greatest common divisor of g and c.
3
Suppose 2*i = 5*t - 1420, 3*i = 5*i. Calculate the highest common factor of t and 994.
142
Suppose -29*q + 4*u - 1334 = -31*q, 0 = 3*q + 2*u - 2017. What is the greatest common divisor of q and 1080?
135
Suppose -5*c - 5*t = 540, 2*c - 7*c - 537 = 2*t. Let i = c - -251. Let f = -11 - -47. What is the greatest common factor of f and i?
36
Suppose 667*x - 682*x = -690. What is the highest common factor of 6302 and x?
46
Let d = 113 - 73. Suppose -3*p + 151 = -17. Let f be (-6)/(-14) - (-1096)/p. Calculate the highest common factor of d and f.
20
Let i(v) = 3*v**2 + 338*v - 3879. Let r be i(11). Calculate the greatest common factor of r and 28078.
202
Let g(k) = -47*k**2 - 593*k + 15. Let d be g(-8